ors of u/4 + 11/2.
2
List the prime factors of -2*((-285)/6)/5.
19
Suppose 0 = 2*o - o - 5. Suppose 0 = 4*r + o*n - 3 - 29, -24 = -3*r + 5*n. What are the prime factors of r?
2
Suppose -t = 4*t + k - 15, 3*k - 13 = t. List the prime factors of t.
2
Let l = -8 - -10. Suppose -5*b + 6*s - l*s + 158 = 0, -s = -3*b + 99. List the prime factors of b.
2, 17
Let l(v) = v + 87. What are the prime factors of l(-21)?
2, 3, 11
Suppose 4*o = -2*g + 224, -5*o - 4*g - 1 = -278. List the prime factors of o.
3, 19
Suppose -3*v = 5*k + v + 111, k - v + 24 = 0. Let u = k + 44. Let x = u + -11. List the prime factors of x.
2, 5
What are the prime factors of (280/15)/(2/6)?
2, 7
Suppose 3*f - 12 = 0, f - 2 = -0*l + 2*l. Let y be (l - -37)*(-5)/(-10). Suppose 2*k - k = y. What are the prime factors of k?
19
Suppose 4*w - 4*m - 20 = 0, -4*m - 18 = -5*w + 2*w. Let a be (w/3)/((-6)/(-9)). Let j = 5 - a. What are the prime factors of j?
2
Let d(q) = 4*q + 17. List the prime factors of d(24).
113
Let k be 1 + -1 - (-27)/(-3). Let g(s) = -17*s**2 + s. Let x be g(-1). Let w = k - x. What are the prime factors of w?
3
Suppose 4*u + 373 = x, 5*x - 6*x - u + 393 = 0. What are the prime factors of x?
389
Suppose -3*v + 30 = 3*v. Suppose 5*f = 2*y + 21, 3*y - 3 = -2*f + 2*y. Suppose -v*g = -f*g - 12. What are the prime factors of g?
2, 3
Suppose -3*x = 4*i - 255, -2*i + 60 = -i - 3*x. What are the prime factors of i?
3, 7
Let y(b) = -b**2 + 6*b + 3. Let c be y(6). Suppose 2*u - 1 = -c, 4*d = -2*u + 66. What are the prime factors of d?
17
Let u(c) = 4*c + 1. Let v be u(-2). What are the prime factors of (12/v)/(3/(-21))?
2, 3
Let j(b) be the second derivative of -7/6*b**3 + 11/2*b**2 + 1/12*b**4 - 2*b + 0. What are the prime factors of j(8)?
19
Suppose d + o = 51, -2*d - 4*o = -0*d - 100. Suppose -d = 4*a - 8*a. List the prime factors of a.
13
Let y(p) = 15*p - 1. Let j be y(3). Suppose 5*z - 85 = -4*d, 41 + j = 5*d + 2*z. List the prime factors of d.
3, 5
Let l(q) = 16*q**2 + q - 6. List the prime factors of l(2).
2, 3, 5
Suppose 2*n = 4*n - 10. Let g = n + 17. What are the prime factors of g?
2, 11
Suppose 0 = 2*g - v + 5*v - 52, 2*g - 12 = 4*v. Suppose 0 = -n + 2*n - 5, 25 = 2*t + 3*n. Let a = g - t. List the prime factors of a.
11
Suppose 4*m = m + 54. What are the prime factors of m + (6/(-2) - -1)?
2
Suppose -2*k + 5 - 1 = 0. Let h = k - 0. Suppose 5*v + h*y - 60 = 0, -5*v + y = -6 - 39. List the prime factors of v.
2, 5
Suppose 0 = 4*w - 7*w - 12. What are the prime factors of (-4)/w + (5 - 0)?
2, 3
Let d = 21 + -18. What are the prime factors of d?
3
Let l = 2 - 1. Let s(r) = 1 + 2*r + l - r**2 + 0*r**3 - 2*r**3. What are the prime factors of s(-2)?
2, 5
Let k(a) = a**3 - 5*a**2 - 15*a - 7. List the prime factors of k(8).
5, 13
Let q(b) = 2*b**2 - 19*b + 1. Let f be q(13). Suppose -3*y - y = -f. What are the prime factors of y?
23
Suppose -6*k + 516 = -2*k. List the prime factors of k.
3, 43
Let k = -45 + 135. List the prime factors of k.
2, 3, 5
Suppose 4*x + 184 = -4*l + 1004, -3*l + x = -595. What are the prime factors of l?
2, 5
Suppose -2*o - 4*d = o - 71, o - 2*d - 7 = 0. List the prime factors of o.
17
Let g = 3 + 7. Suppose i + 15 = -5*m, -6*m + 5*i = -2*m + 12. Let y = g + m. What are the prime factors of y?
7
Suppose 5*m = 4 + 1. Let c be (-4*1)/(0 - -1). Let f = m - c. What are the prime factors of f?
5
Let n(p) be the first derivative of p**2/2 + 12*p - 3. List the prime factors of n(-6).
2, 3
Let d be (1/1)/((-10)/(-270)). List the prime factors of (-24)/((d/(-6))/3).
2
Suppose -5*g - 125 = -5*h, -3*h - g + 85 = h. List the prime factors of h.
2, 11
Let g(k) = -k**3 + 8*k**2 + 3*k - 6. Let x be g(6). Suppose 0 = 4*f + 24 - x. What are the prime factors of f?
3, 5
Let l(x) = x**2 - 2*x + 1. Let f(b) = b**2 - b + 4. Let t be f(0). What are the prime factors of l(t)?
3
Let o = 3 - 3. Let y(l) = -l**2 + l + 4. Let m be y(o). Suppose 20 = -m*d, 3*d - 6*d = 3*n. List the prime factors of n.
5
Suppose 2*j - 36 = -0*j. Let g = -9 + j. What are the prime factors of g?
3
Suppose f - 4*v + 2 = 2*f, 0 = -5*f + 3*v + 33. List the prime factors of f.
2, 3
Let w(a) = a**3 - 6*a**2 + 2. Let v be w(6). Suppose 7*o = v*o + 80. What are the prime factors of o?
2
Let t = 18 - 3. Let x = -27 + t. Let w(g) = g**2 + 11*g - 5. What are the prime factors of w(x)?
7
Let t(b) = -b**3 - 8*b**2 - b - 5. Let o be t(-8). Let s = o + 13. What are the prime factors of s?
2
Let v(s) = 2*s - 20. Let h(l) = 3*l - 40. Let m(y) = -3*h(y) + 5*v(y). What are the prime factors of m(-12)?
2
Let p be (3/(-2))/((-6)/(-16)). Let t = p + 4. Let v = 4 + t. List the prime factors of v.
2
Let a be (3/(-6))/(2/100). Let f = 53 + a. What are the prime factors of f?
2, 7
Suppose -23 = 3*u + 10. Let v = u + 22. What are the prime factors of v?
11
Suppose 556 = 3*m + 28. List the prime factors of m.
2, 11
Let t(d) = -2*d + 5 - 3*d - 1. List the prime factors of t(-3).
19
List the prime factors of ((-5)/5)/((-1)/87).
3, 29
Let b(p) = 108*p**2 + 4*p + 4. What are the prime factors of b(-1)?
2, 3
Let o be -2 - -4 - (1 - -2). Let s be 1 - 1 - (o - 1). Suppose z = -s*z + 15. List the prime factors of z.
5
Let b(q) = -4*q + 9. What are the prime factors of b(-7)?
37
Let c = 5 + -28. Let f = 35 + c. Suppose -5*p + 2 - f = 0, -4*p = -2*t + 14. List the prime factors of t.
3
Let u be -1*(-3)/3*3. Let x(v) = 2*v - u*v - 3 + 7 + 2*v**2 + 4*v. List the prime factors of x(-3).
13
Let r(y) = 2*y + 9. Let b be r(-6). Let t = b + 8. Let p = 11 - t. What are the prime factors of p?
2, 3
Suppose 2*x - 4*n = 4*x + 6, 0 = 2*x + 3*n + 4. Suppose -w + x = -4. What are the prime factors of w?
5
Suppose 0 = h + 2*t - 17 - 32, t - 50 = -h. What are the prime factors of h?
3, 17
Let s = 25 + 62. What are the prime factors of s?
3, 29
Let k(b) be the third derivative of b**5/60 - b**4/8 - b**3/2 + 2*b**2. Let p be k(4). What are the prime factors of (3*4)/p + -2?
2, 5
Let x be (10/(-15))/(1/(-24)). Suppose 4*c = -2*u + x, -8*u + 4*u + 3*c = -76. List the prime factors of u.
2
Suppose 4*y + 2*z = -z + 354, -8 = -4*z. What are the prime factors of y?
3, 29
Suppose -3*g + 145 = -485. What are the prime factors of g?
2, 3, 5, 7
Let l = 8 - 3. Suppose 0 = 3*n - 5*t - 49, 0 = -4*n + l*t + 28 + 29. What are the prime factors of n?
2
Let c be 7/7 + -1 + 16. Let n = -10 + 15. Suppose -n*j + c = -69. List the prime factors of j.
17
Suppose 0 = 10*w - 567 - 493. What are the prime factors of w?
2, 53
Let c = -4 + 7. Suppose -g + 4 = -c*g, -26 = -3*m - 2*g. List the prime factors of m.
2, 5
Let l be ((-6)/(-12))/(2/68). Let s = -10 + l. Suppose -2*j - 2*j = -f + 5, -s = -f + 2*j. What are the prime factors of f?
3
Suppose 5*t = q - 22, -5*q - 2*t = -51 - 5. List the prime factors of q.
2, 3
Suppose -2*j = -7*j + 25. Suppose 5*q = 4*n + 14, -j*n + 7 + 13 = 0. What are the prime factors of q?
2, 3
Let z = 212 - 122. What are the prime factors of (3/(-9))/((-2)/z)?
3, 5
Suppose -3*x - j - 13 = 0, -5*x - j = -2*j + 11. Let l be (-1)/(1/x*1). Suppose l*i - 8 = i. What are the prime factors of i?
2
List the prime factors of ((-12)/5)/(9/(-30)).
2
What are the prime factors of 10*(8/(-20) - -2)?
2
Suppose 2*h - 5 = 1. List the prime factors of 1/(-3) - (-7)/h.
2
Suppose c + 3 - 51 = 0. Suppose 4*p - c = 48. List the prime factors of p.
2, 3
Suppose 38 = -4*u - 2*x + 268, 5*x = -4*u + 221. List the prime factors of u.
59
Let i(c) = -c**3 - 8*c**2 + 3*c + 6. Let r be i(-8). Let v(q) = q**2 + 16*q - 24. List the prime factors of v(r).
2, 3
List the prime factors of (-15)/2*((-1520)/12)/10.
5, 19
Suppose -2*x + 5*x - 2*z = 20, z = 4*x - 20. Let n be (-44)/(-12)*(-1 + x). Let r = n + -1. List the prime factors of r.
2, 5
Let n(x) = 8*x**3 - 4*x**2 - 1. List the prime factors of n(2).
47
Let k(m) = -m**3 + 12*m**2 + m + 2. Let d be k(12). Let n(j) = -j**3 + 15*j**2 - 11*j + 3. What are the prime factors of n(d)?
3, 5
Suppose -3*r + 82 = -152. List the prime factors of r.
2, 3, 13
Let x(v) = 6*v - 20. List the prime factors of x(7).
2, 11
Let v(q) = q**3 + 4*q**2 - 6*q + 1. Let p be v(-5). Suppose 3*w + 5 = -2*h - 2*h, -7 = -4*h + w. Suppose -h - p = -n. What are the prime factors of n?
7
Suppose -5*h + 219 + 41 = 0. What are the prime factors of h?
2, 13
